Let q be u(-1). Let k be (-6)/5*(-10)/q. What is the units digit of w(k)?
3
Let g be (-24)/(-14) - 4/(-14). Suppose -m - g*m = 0. Let r(h) = -h**3 + h**2 + h + 6. What is the units digit of r(m)?
6
Suppose -13*j + 9*j + 88 = 0. What is the tens digit of j?
2
Let x(m) = -m + 35. Let k(v) = -v**2 + 4*v + 5. Let n be k(5). Let j be x(n). Suppose 2*q + 3*r - j = 0, -r = 3*q - 18 - 24. What is the tens digit of q?
1
Let y(h) = h**2 + 8*h + 5. Let d be y(-7). What is the tens digit of 14 + d + 2 + -2?
1
Suppose 9*q = 8*q - 4. Let v(u) be the first derivative of -u**4/4 - 4*u**3/3 - u**2 - u - 1. What is the units digit of v(q)?
7
Let m be (-3)/(39/48 + -1). Suppose -2*v - 2*y = -7*y + m, 2*v + y - 8 = 0. What is the units digit of (-39)/v*(-6)/9?
3
Let c(j) = 2*j**2 + 9*j + 15. Let f(y) = -y**2 - 5*y - 8. Let d(n) = 6*c(n) + 11*f(n). Let k be d(2). Suppose 16 - 48 = -k*b. What is the units digit of b?
8
Let t be (2/2)/((-10)/(-20)). Suppose t*a = -v + 48, -13 = -a + 5*v + 33. What is the units digit of a?
6
Let s(t) = t**2 - 3*t - 1. Suppose -5*i - 11 = w, -2*i + 4 = 4*w + 2*i. What is the units digit of s(w)?
3
Let i(r) = 5*r**2 + 3*r - 2. What is the tens digit of i(-2)?
1
Let q(k) be the first derivative of -2*k**2 - 7*k + 1. Let r be q(-5). Let p = r + 4. What is the tens digit of p?
1
Suppose 4*x = 3*x + 3. Suppose 0 = 3*p - 3 - x. What is the units digit of p?
2
Let j be 4/(-2)*4/(-2). Let m be 0/(j/6*3). Let y(k) = -k**3 + k + 8. What is the units digit of y(m)?
8
Suppose 4*z + 5*n - 437 = 0, 3*z - 149 = -n + 187. What is the hundreds digit of z?
1
Let z = 7 + -7. Suppose 0 = 4*x + 2*y - 2, 3*x + x - 2*y + 2 = z. What is the units digit of (-2 + 2 - x) + 5?
5
Suppose 86 = 4*z + 34. What is the units digit of z?
3
Let a = -7 - -4. Let j be (2*5)/(a - -5). Let m = -3 + j. What is the units digit of m?
2
Suppose -2*k + 86 + 20 = 0. What is the tens digit of k?
5
Suppose 2*h = -h + 24. Suppose p - 8 = h. What is the tens digit of p?
1
Let b(c) = 7*c + 2. Suppose l = -1, 0*l = -4*u - 5*l + 7. Suppose -3*h + 3 = -u. What is the tens digit of b(h)?
1
Suppose 2*u = -2*u + 12. Let p = 10 + -5. Suppose -z = -5*h + u*h + p, -3*z + 29 = 5*h. What is the units digit of z?
3
Let l = -25 - -89. What is the tens digit of l?
6
Let t = -21 - -25. What is the units digit of t?
4
Let h(c) = 2*c**2 - c + 5. Let q(l) = -6*l**2 + 4*l - 14. Let j(k) = -8*h(k) - 3*q(k). What is the tens digit of j(6)?
5
What is the tens digit of (1/(-3))/((-13)/1794)?
4
Suppose 0 = 3*w + 3*w - 12. Suppose -4*i + 5*d = -187, -5*i + 0*d + 238 = -w*d. What is the tens digit of i?
4
Suppose -r - 81 = 4*v - v, 3*v + 78 = -2*r. Let k(l) = 3*l**2 + l - 5. Let c be k(-4). Let t = v + c. What is the tens digit of t?
1
Let k be 12/(-4)*(-1)/(-1). What is the units digit of (-25)/k + (-2)/6?
8
Suppose 1144 = 4*a + 4*s, -a = -s + 6*s - 274. What is the hundreds digit of a?
2
Let c(v) = v**2 - 8*v + 9. Let s(l) = l**2 - 8*l + 9. Let n(a) = 7*c(a) - 6*s(a). Let m be n(9). Let f = 28 - m. What is the units digit of f?
0
Suppose 2*v - 27 = -q, -2*q - 27 = -3*q - 4*v. What is the units digit of q?
7
Let x(v) = 2*v + 2. Let s be x(-5). Let c(i) = -4*i**2 + 8*i + 5*i**2 - i. What is the units digit of c(s)?
8
Suppose 4*n - 4*b - 245 = n, 322 = 4*n - 3*b. What is the units digit of n?
9
Let d(b) = 3*b**2 + 3*b + b**3 + b**2 - 7*b**2 + 4. What is the units digit of d(3)?
3
Let t(b) = 2*b + 117. What is the tens digit of t(0)?
1
Suppose 5*f = o - 103, -2*o = -f + 3*f - 194. What is the tens digit of o?
9
Let q be ((-8)/(-4) - 2)/(-2). Suppose -y + 43 - 10 = q. What is the tens digit of y?
3
Suppose 4*j + 4*b - 184 = 0, j - 2*b = -0*b + 43. What is the units digit of j?
5
Let n be (-35)/(-4)*(2 + 2). Let x = 51 - n. What is the tens digit of x?
1
Let p(l) = -2*l**2 - 1. Let k(a) be the second derivative of -a**4/3 - a**2 + a. Let b(s) = -3*k(s) + 5*p(s). What is the units digit of b(2)?
9
Suppose 0 = -x - x + 56. What is the tens digit of x?
2
Let x = 1 + 113. What is the units digit of x?
4
Let o(z) = z + 2. Let w be o(8). Suppose -3*h + 2 = -2*h, -g + w = 3*h. Suppose -62 = -5*f - 3*u, f - 5*u + g*u = 6. What is the units digit of f?
0
Let w = 47 - 46. What is the units digit of w?
1
Suppose 2*a - 3 = 1. What is the units digit of 3/(-1*(-2)/a)?
3
Let k(t) = t - 7. Let d be k(8). What is the units digit of 36 + (-3 - -2 - d)?
4
Let n(o) = -o**2 - 6*o. Let b be n(-8). Let c = b - -17. What is the units digit of c?
1
Suppose 2*a = -0*j + j + 10, 5*a = -2*j + 7. What is the units digit of (-1)/4 + (-13)/j?
3
Let b = 3 + 0. Suppose -b*t + 9 + 3 = 0. What is the units digit of t?
4
Let o = 390 - 278. What is the units digit of o?
2
Let x(d) = -2*d - 9. Let z be x(-6). Suppose 7*m - z*m = 120. What is the tens digit of m?
3
Let s(y) = y**2 + 4*y - 5. Suppose 3*a + 4*c = -1, -3*a + 5 = 2*c - 2. Let g be s(a). Suppose -4*o - 2 = 2, g = 5*l + 5*o. What is the units digit of l?
9
Suppose -319 = -5*a + 4*c, -c = 4*a - 2*c - 253. Suppose -3*f + 0*f = -a. What is the tens digit of f?
2
Suppose -4*f - 1 = -9. What is the tens digit of f/3 - 172/(-12)?
1
Let u(p) = p**2 - p. Let h be (3 - 7)/(-1 - 1). What is the units digit of u(h)?
2
Let l = -88 - -239. What is the units digit of l?
1
Suppose 4 = 4*g - 8, r = 2*g - 5. Let a be -5 - -5 - (-9)/r. What is the units digit of -1*(-10 + a/3)?
7
Let n be (6/8)/((-2)/(-8)). What is the units digit of 4/(12/n)*3?
3
Suppose -n = -3 - 0. Suppose n*m - 4*i - 14 = 83, -m = 5*i - 7. What is the tens digit of m?
2
Suppose -5*f + 143 = -552. What is the tens digit of f?
3
Let c = 6 + 0. Let d = 9 - c. Suppose 3*h - 63 = -4*w, -d*h - 55 + 10 = -5*w. What is the units digit of w?
2
Let s = -139 + 282. What is the tens digit of s?
4
Let t be ((-2)/4)/((-1)/282). Suppose -l = -4*l + t. What is the tens digit of l?
4
Suppose -153 + 60 = -3*b. What is the units digit of b?
1
Let g = 0 - -31. Let t = -17 + g. What is the tens digit of t?
1
Let g(q) = 12*q - 31. What is the tens digit of g(8)?
6
Suppose -4*q + 3*h + 59 = -2*q, 2*q - 5*h = 53. What is the tens digit of (q/(-4))/((-3)/6)?
1
Suppose -3*y = 6*f - 4*f - 43, -3*f + 112 = -5*y. What is the tens digit of f?
2
Let c = -12 - -17. Let f = c + -6. What is the units digit of (2 + 1)/(f/(-5))?
5
Suppose 0 = -3*u - 2*u + 25. Suppose 5*l - 7 = 6*x - 2*x, -5*x = 2*l - 16. Suppose -x*k - 2*m = 3*m - 6, 4*m = u*k - 15. What is the units digit of k?
3
Suppose -k - 5 = 0, -4*x + 10 = -3*k + 5*k. Suppose 0*b - x = -b. Let s = b + -4. What is the units digit of s?
1
Let k(d) = -4*d + 3. Let z be k(-4). Suppose -5*h + z = -u + 3*u, 5*h - 25 = 0. What is the units digit of ((-2)/(-2))/((-1)/u)?
3
Let j(k) = -k**3 + 12*k**2 - 9*k + 13. What is the hundreds digit of j(9)?
1
Let q = 7 - 0. Let v(m) = -4*m**3 - 6*m**2 - 11*m - 6. Let t(u) = -5*u**3 - 6*u**2 - 12*u - 7. Let i(y) = -5*t(y) + 6*v(y). What is the units digit of i(q)?
6
Let t be (4 - 1)*(8 + -1). Suppose -2*m - m = -t. Suppose 2*x - 28 = -4*g, -m = -g + 3*x - 0*x. What is the units digit of g?
7
Let m = -17 - -37. What is the units digit of m?
0
Suppose 2*j = -2*y + 18, -3*j - 2*j = -4*y + 63. What is the tens digit of y?
1
Suppose 5*p - 175 = -8*a + 4*a, a - 49 = -3*p. What is the units digit of a?
0
Let g = 12 + -9. Let v(z) = -z - 1. Let t be v(-1). Suppose 5*a + 0*a + 16 = g*h, 2*h + 5*a - 19 = t. What is the units digit of h?
7
Suppose -m = -3*a + 4 + 2, 2*m + a = 2. Suppose -u + 2*q - 1 = 0, q = -2*u + 1 + 17. Suppose -h + m = -u. What is the units digit of h?
7
Let o(y) = -y**2 - 7*y - 1. Let v = 9 + -12. What is the tens digit of o(v)?
1
Let o(a) = -a**3 - 3*a**2 + 7*a - 10. What is the units digit of o(-5)?
5
Suppose -3*s + s + 18 = -4*g, 15 = -5*s - 5*g. What is the units digit of s?
1
Suppose -3*z - 4*b = -35, -5*b + 0*b = 2*z - 21. Let v = 3 + z. What is the units digit of v?
6
Suppose 16 + 14 = 5*i. Let b = 11 + -6. Suppose 4*u = -3*c + 14, b*c + 0*u = 2*u + i. What is the units digit of c?
2
Suppose 0*w - 5*a - 15 = w, -6 = 4*w + 2*a. What is the units digit of w + -1 + (17 - 7)?
9
Suppose 3*j = 5*j - z - 4, -5*z - 20 = -5*j. Suppose 22 = -j*t + t. Let q = -16 + t. What is the units digit of q?
6
Suppose -2*s + 2*c = -6*s - 2, -3*c - 10 = -s. Suppose -15 = -2*m + s. What 